the prime factors of b(0).
2, 3, 5
Suppose -118*g = -113*g - 580. What are the prime factors of g?
2, 29
Let p be 12/(3 - 0)*-19. What are the prime factors of (0 + 2)/((-8)/p)?
19
Let d = 8 + 92. What are the prime factors of d?
2, 5
What are the prime factors of 347 + (-10)/(-5) + (2 - 6)?
3, 5, 23
Suppose 68 = 5*d - 12. List the prime factors of (d/(-20))/(2/(-10)).
2
Let n(x) = x**2 + 3*x + 3. List the prime factors of n(-13).
7, 19
Let d(c) = -5*c - 1. Let y = 2 - 8. Let j(l) = -14*l - 2. Let k(s) = y*j(s) + 17*d(s). What are the prime factors of k(-7)?
2
Let h = -33 + 93. Suppose -24 = -4*s + h. What are the prime factors of s?
3, 7
Let p(j) = -j**3 + 12*j**2 + 7. Let x(q) = 3*q - 6. Let k be x(6). List the prime factors of p(k).
7
Suppose -23*k + 124 = -21*k. What are the prime factors of k?
2, 31
Let t = -301 + 433. Suppose -5*l + l - t = 0. Let m = -22 - l. List the prime factors of m.
11
Let z be (-8)/(-4) + -1 + 0. What are the prime factors of -4 + z - (0 - 18)?
3, 5
Let k = -17 + 24. What are the prime factors of k?
7
Suppose 0*k = -5*k + 40. Suppose a + 5*b - 24 = -0*a, b = 3*a - k. Suppose -s + a + 6 = 0. List the prime factors of s.
2, 5
Let l(b) = -b - b - 4 + b + 6*b. What are the prime factors of l(4)?
2
Let c be 0 - (0 + (-2 - 1)). Let a = -1 + c. Let y = a + 1. What are the prime factors of y?
3
Suppose 3*w = 3*h - 195, -4*w + 212 = 5*h - 140. List the prime factors of h.
2, 17
Suppose -i - 2*s + 40 = -6*s, 4*s = 8. Suppose 0 = n + 3*d - 4*d - 8, 0 = 5*n + 3*d - i. What are the prime factors of n?
3
Let q(l) = -17*l**3 + 2*l + 1. Let u be q(-1). Suppose -u = -4*n, 2*i - 93 = -i - 3*n. What are the prime factors of i?
3
Let d = -2 - -12. What are the prime factors of d?
2, 5
Let m = -14 - -17. Suppose -m*t - t = -52. List the prime factors of t.
13
Let n = 54 - 29. What are the prime factors of n?
5
Let t be 2 - (-1)/(2/20). Let w = 4 + 1. Suppose -t + w = -d. What are the prime factors of d?
7
List the prime factors of 3 + 1 + 111 - 0.
5, 23
Let j(l) = -l + 4. Let c be j(4). Let d(z) = -2*z - 6 + c + 3 + 2*z**2. What are the prime factors of d(-2)?
3
Suppose -3*c + 108 = 3*r, -c + 3*r + 53 = 13. List the prime factors of c.
37
Suppose 5*d - 4*z - 788 = 0, 3*z = -d - 0*z + 169. List the prime factors of d.
2, 5
Suppose 2*t = -2*t + 12. Suppose 5 = t*b - 34. Suppose -z + b = 4*g - 11, -5*g = -z - 12. What are the prime factors of z?
2
Suppose -2*i = -3*q + 2, 10 = -q + 6*q. Let o(b) = 2*b + 1. Let l be o(i). Suppose 4*r - d = r + 33, -5*d = 2*r - l. What are the prime factors of r?
2, 5
Let k(n) = -n**3 + n**2 - 2*n + 35. List the prime factors of k(0).
5, 7
Let d be (7/(-3))/(2/(-6)). Suppose 97 = 4*a + g, a + 3*g - 31 = d. List the prime factors of a.
23
Suppose -p + 2*p + 1 = -w, w + 3 = -3*p. Suppose 0 = -2*u - w*u + 20. List the prime factors of u + (1 + -2)*-2.
2, 3
Let p(j) = j**3 + 9*j**2 - 5*j - 5. Let s be p(-11). List the prime factors of (-2)/(-2 + s/(-100)).
5
Suppose x = -5*x + 522. What are the prime factors of x?
3, 29
Let q(y) = 30*y - 2. List the prime factors of q(1).
2, 7
List the prime factors of ((-8)/(-6))/(1/(-279)*-3).
2, 31
Let h = -17 + 33. Let k = h - 11. Suppose -k*i + 5 = -5. What are the prime factors of i?
2
Suppose -54 = -t - t. Let m = t - 18. What are the prime factors of m/(-6)*2 + 17?
2, 7
Let p be (-26)/(-10) - (-4)/10. Let s be p + (-2 + 4)/(-1). Let z(a) = 11*a**2 + a. List the prime factors of z(s).
2, 3
Let o(x) = -4*x**3 - x**2 + x + 1. Let m be o(-1). Suppose y = m*y - 60. What are the prime factors of y?
2, 3, 5
Suppose 0 = 2*c - h - 3*h - 632, c + 5*h = 351. What are the prime factors of c?
2, 163
Let n = 16 - 5. Suppose 2*z - 4*z = 0. Let q = n - z. List the prime factors of q.
11
Let s(n) = 2*n**2 + 4*n - 3. What are the prime factors of s(5)?
67
Suppose -16 = 4*r, -c - r = -2*c + 15. Let f(w) = 1 - 2*w - 2*w + 5*w + c. List the prime factors of f(9).
3, 7
Let r = -4 + 6. Suppose -4*d + 28 = r*p, -4 = 2*d + 2. What are the prime factors of p?
2, 5
Let v be ((-8)/(-5))/(2/10). Let j be (-4)/v*4/(-2). Suppose 20 = f + j. List the prime factors of f.
19
What are the prime factors of 3 + 10/(-45) + (-1244)/(-9)?
3, 47
Let k(h) = -h**2 + 6*h + 4. Let n(v) = -v**2 + 7*v + 4. Let f(c) = -3*k(c) + 2*n(c). What are the prime factors of f(7)?
17
Suppose -503 = -11*d + 498. What are the prime factors of d?
7, 13
Let b(d) = 2*d + 41. List the prime factors of b(0).
41
Suppose k - 30 = -b, -b = 2*k + 1 - 33. List the prime factors of b.
2, 7
Let s(y) = 2*y - 5. Suppose -24 = -2*p - 2*p. Let x = 10 - p. List the prime factors of s(x).
3
Suppose 3*k = -p - 24, 3*k + 6*p - 3*p = -18. Let w = k - -15. List the prime factors of w.
2, 3
Let w = 485 - 234. What are the prime factors of w?
251
Let a(o) = -o**2 - 9*o + 9. Let k(z) be the third derivative of z**5/60 + 3*z**4/8 - z**3/6 + z**2. Let b be k(-8). List the prime factors of a(b).
3
Let p = 0 + 18. List the prime factors of p.
2, 3
Suppose 0 = -4*p - 3*o + 404, -3*p + 5*o - 7*o = -304. What are the prime factors of p?
2, 13
Let t = 30 - 23. What are the prime factors of t?
7
Let a(g) = -5*g - 1. Let w be (4/(-6))/(2/6). What are the prime factors of a(w)?
3
Let f be ((-4)/(-6))/((-12)/(-126)). Let p(y) = -6*y + 3 + f*y**2 + 0 - y**3 + 3. List the prime factors of p(6).
2, 3
Let j = -11 - -3. List the prime factors of (-1 + j/(-6))*39.
13
Suppose 5*x - x = -116. Let y = x - -15. What are the prime factors of ((-12)/y)/((-4)/(-28))?
2, 3
Let l(m) = m. Let j be l(-8). What are the prime factors of j/(-20) - (-38)/5?
2
Suppose -9*f = -12*f + 399. List the prime factors of f.
7, 19
Suppose -2*k = -0*k + 4. Let b = k - 3. List the prime factors of b/((-15)/6 - -2).
2, 5
Suppose -266 = -4*k + w, 9*k = 6*k - w + 203. List the prime factors of k.
67
Let k(g) = -g**3 - g**2 + g + 30. Let l be k(0). Suppose f = -0*f + l. Suppose -f = -2*z - z. What are the prime factors of z?
2, 5
Let v(f) be the first derivative of -f**4/4 + 3*f**3 + f**2/2 - 6*f + 1. List the prime factors of v(9).
3
Let p(f) = -f**3 + 2*f**2 + f. Let w(y) = y**2 + 3*y + 2. Let z be w(-4). Let n be ((-3)/(-2))/(z/(-8)). What are the prime factors of p(n)?
2, 7
Suppose 5*o + 84 = l, 6*o - 3*o = 5*l - 310. List the prime factors of l.
59
Suppose d = 4*i + 3*d - 4, -3*i - d = -4. Suppose 3*n - 12 = 2*f + f, i*f = -2*n + 12. List the prime factors of n.
5
Let l(x) = -3*x - 2. Let z be l(-3). Suppose -113 - z = 3*q. List the prime factors of (q/12)/((-2)/6).
2, 5
Let i(z) = 2*z**3 - 2*z**2 - z - 1. Let q be i(-2). Let r be (-8)/14 + 404/(-28). Let t = r - q. List the prime factors of t.
2
Suppose -4*g + g = 0. List the prime factors of (g - -46) + 4 + -7.
43
Let s = -26 - -24. What are the prime factors of 1/s - (-318)/12?
2, 13
Suppose -10 = -6*g + 14. Let k(n) = n**3 - 5*n**2 + 6*n - 5. Let q be k(4). Suppose -j + q*y = -2*j, 16 = -g*y. List the prime factors of j.
2, 3
Let i = -18 + 88. What are the prime factors of i?
2, 5, 7
Let k(n) = n**3 - 6*n**2 - 8*n - 5. Let r be k(7). List the prime factors of 32/r*9/(-6).
2
Let n = 4 - 0. Suppose 5*t = 254 - 59. What are the prime factors of t/n + (-5)/(-20)?
2, 5
Let y(z) = z**2 + 14*z - 3. Let m be y(-15). List the prime factors of (-132)/(-8)*40/m.
5, 11
Let h = -80 + 115. Let m be 4/14 + 165/h. Suppose m*k = 57 - 12. List the prime factors of k.
3
Let h(o) = -o**3 + 8*o**2 + 3*o - 3. List the prime factors of h(8).
3, 7
Let m(d) be the first derivative of -2 - 1/4*d**4 - 1/3*d**3 + 7*d - 1/2*d**2. List the prime factors of m(0).
7
Let o = -19 + 12. Let x = o + 11. What are the prime factors of x?
2
Let a be (-2)/(-11) - (-6)/(-33). Let q = 3 + a. Suppose -q*i + 40 = i. List the prime factors of i.
2, 5
Let t be 0 + 0*3/6. Let w(x) = -x**3 + 5*x**2 - 5*x + 6. Let b be w(4). Suppose b*g - 16 = -t*g. What are the prime factors of g?
2
Suppose -2*u - 13 = -4*h + 9, 1 = h + u. Suppose -h*p + 57 = -p. Suppose -21 - p = -5*y. List the prime factors of y.
2
List the prime factors of (14/4 + -4)*-190.
5, 19
Let p = 130 + -52. List the prime factors of ((-8)/12)/((-2)/p).
2, 13
Let l(m) = -2*m**3 + 9*m**2 + 12. What are the prime factors of l(4)?
2, 7
Suppose o = 4*o + 6. Let y be -2 - (o - 6/2). Suppose 0 = -y*b - 3, -3*b - 39 = -4*x + x. Li